te?
True
Is 13290633203 prime?
True
Is 6024454061 a composite number?
False
Is 380156519 a prime number?
False
Is 61558506497 prime?
True
Is 939859233 prime?
False
Is 2897383733 composite?
False
Is 275895667 a composite number?
False
Is 1275351503 a prime number?
False
Is 351452245351 prime?
True
Is 20142587005 composite?
True
Is 24497854663 composite?
True
Is 5556339283 a prime number?
False
Is 1232273753 prime?
False
Is 588301239 composite?
True
Is 1403994833 a prime number?
False
Is 2420073785 a composite number?
True
Is 139335983135 a prime number?
False
Is 668420806 a composite number?
True
Is 417256507 composite?
False
Is 1257372251 prime?
True
Is 459131299 composite?
True
Is 48270813065 prime?
False
Is 579086507 composite?
True
Is 162543271439 composite?
False
Is 34777493 a composite number?
False
Is 21487561 a composite number?
True
Is 42337627 a prime number?
True
Is 546921269 prime?
True
Is 901331591 prime?
True
Is 2265156917 composite?
False
Is 29981430181 a composite number?
False
Is 3322653083 composite?
True
Is 1446936451 a prime number?
False
Is 29455612597 composite?
True
Is 53342070689 prime?
True
Is 13134120283 prime?
True
Is 17981821573 prime?
False
Is 3987957067 prime?
True
Is 67181635763 composite?
True
Is 29558252281 prime?
True
Is 17649618403 a prime number?
True
Is 2310892763 composite?
False
Is 16366015571 composite?
False
Is 8073345947 a composite number?
True
Is 2608148638 a composite number?
True
Is 3763295797 composite?
True
Is 33492499151 composite?
True
Is 7133059547 composite?
True
Is 6692334269 a prime number?
True
Is 151003373 prime?
True
Is 1525636447 a composite number?
False
Is 6645321997 a composite number?
True
Is 330731938127 a prime number?
True
Is 443391287 a prime number?
True
Is 794882741 a prime number?
True
Is 35459005811 prime?
True
Is 14679017 prime?
False
Is 18588765673 a composite number?
True
Is 96326611 a prime number?
True
Is 1301763943 a prime number?
False
Is 5948410417 composite?
True
Is 595382317 a composite number?
False
Is 9475901549 a prime number?
True
Is 7346946059 composite?
True
Is 70259594843 composite?
False
Is 3470508127 a prime number?
True
Is 673173253 prime?
True
Is 8663580241 composite?
False
Is 23920160831 a composite number?
True
Is 20863390237 composite?
False
Is 14575882291 composite?
True
Is 401585941 a prime number?
False
Is 9251770519 a composite number?
True
Is 114072899011 a prime number?
False
Is 63960569 prime?
True
Is 2063139223 prime?
True
Is 117579848719 composite?
False
Is 20249311 a prime number?
True
Is 640245083 composite?
False
Is 632651233 prime?
False
Is 1504160347 a prime number?
False
Is 1101071 prime?
True
Is 2596018121 composite?
True
Is 1338063607 composite?
True
Is 584373073 a composite number?
False
Is 4294282717 a composite number?
False
Is 1789029057 a composite number?
True
Is 25943511491 prime?
False
Is 12967060541 a prime number?
False
Is 15071822707 a prime number?
False
Is 72825799799 a composite number?
True
Is 108427258279 a composite number?
True
Is 160460977 prime?
False
Is 36092515769 a composite number?
False
Is 20690120203 prime?
True
Is 3124907101 composite?
False
Is 36152449 prime?
True
Is 415288033 a prime number?
False
Is 22609639501 a prime number?
False
Is 32521607077 prime?
False
Is 943503565 a composite number?
True
Is 608308387 a composite number?
False
Is 45035093 a composite number?
True
Is 1186415449 prime?
True
Is 3522498607 a composite number?
False
Is 4450390327 a prime number?
True
Is 215886457 prime?
False
Is 3434144111 a composite number?
True
Is 667293339 prime?
False
Is 128194700261 a composite number?
True
Is 2222846149 prime?
True
Is 4413837407 prime?
False
Is 634114451 a prime number?
True
Is 68401366019 composite?
True
Is 76475626349 prime?
True
Is 11704900993 a prime number?
True
Is 4787649017 prime?
False
Is 754404783311 a composite number?
False
Is 6167811967 prime?
True
Is 473222521 a prime number?
False
Is 7826943469 prime?
False
Is 400450021 prime?
True
Is 379590577 composite?
True
Is 2819721211 prime?
False
Is 6307709449 composite?
False
Is 407329063 a prime number?
True
Is 5228467627 composite?
True
Is 1556019037 composite?
False
Is 19076605703 a composite number?
False
Is 3538690279 prime?
False
Is 3465375761 a prime number?
False
Is 5579771111 composite?
False
Is 1882733183 prime?
True
Is 946586353 a composite number?
True
Is 1234749019 a composite number?
True
Is 77717779 composite?
False
Is 154484955073 a prime number?
True
Is 1071092093 prime?
True
Is 396965417 a prime number?
True
Is 182742881 a prime number?
True
Is 18751832251 a composite number?
False
Is 115973821709 a composite number?
False
Is 8623955729 composite?
False
Is 7933668079 a prime number?
True
Is 523535239 a prime number?
False
Is 1228306021 composite?
False
Is 134882107 a composite number?
False
Is 15650840687 composite?
True
Is 4903897799 a composite number?
False
Is 255401053 prime?
True
Is 387666141 prime?
False
Is 123739949 prime?
False
Is 120790929503 a composite number?
True
Is 6419211661 a composite number?
False
Is 111140405697 a prime number?
False
Is 1249114087 composite?
True
Is 76299761 prime?
False
Is 6143181089 prime?
False
Is 7124358481 a prime number?
False
Is 455340917 a prime number?
False
Is 6553090441 a prime number?
True
Is 5964496222 a prime number?
False
Is 2734450946 composite?
True
Is 29719435697 prime?
False
Is 5375096093 composite?
False
Is 21144631217 a composite number?
False
Is 45526615985 a composite number?
True
Is 8067523 composite?
True
Is 8735469019 a composite number?
False
Is 15554797417 a composite number?
True
Is 1267707515 prime?
False
Is 1604124653 a prime number?
False
Is 350000107 prime?
False
Is 12109267363 composite?
False
Is 402986567 a prime number?
False
Is 20479635083 prime?
True
Is 23912271833 a prime number?
True
Is 1497177449 prime?
False
Is 2776797533 composite?
True
Is 150025049 composite?
False
Is 462253607 a prime number?
True
Is 1097607197 prime?
False
Is 357236272865 a composite number?
True
Is 6526920943 a prime number?
True
Is 5843729 a prime number?
False
Is 9466826927 a prime number?
True
Is 627828739 prime?
False
Is 55016704279 prime?
True
Is 7186272697 a prime number?
False
Is 30139976933 composite?
True
Is 242205767 a prime number?
False
Is 3835315885 a prime number?
False
Is 4706945863 prime?
True
Is 3239551349 prime?
True
Is 3260473 a composite number?
False
Is 22967963137 prime?
False
Is 12233240519 prime?
True
Is 1314810857 a prime number?
True
Is 2139609793 composite?
False
Is 71861797439 prime?
True
Is 103849887047 composite?
True
Is 7743918133 a prime number?
False
Is 352117393 a prime number?
False
Is 5965343143 prime?
True
Is 866757511 composite?
True
Is 33136217299 composite?
False
Is 6325839491 a composite number?
False
Is 10393500869 composite?
False
Is 1840427983 a prime number?
True
Is 19137186323 composite?
False
Is 330655382 a prime number?
False
Is 37676895247 composite?
False
Is 5076040609 prime?
False
Is 37494227 a prime number?
False
Is 725381387 a prime number?
True
Is 3963278257 a composite number?
False
Is 2503348961 a prime number?
True
Is 22277199149 prime?
False
Is 257643383 composite?
True
Is 5967269954 a composite number?
True
Is 5180748583 composite?
False
Is 1712480173 a prime number?
True
Is 335541901 prime?
False
Is 44175794339 a composite number?
False
Is 1165223723 composite?
True
Is 541861367 composite?
False
Is 246879515 composite?
True
Is 2775592177 a composite number?
True
Is 37705653391 a prime number?
False
Is 290612678 a prime number?
False
Is 1235876513 a prime number?
True
Is 14529533783 a composite number?
False
Is 17555060527 a prime number?
True
Is 2785617137 composite?
False
Is 483887837 a composite number?
True
Is 34263527 prime?
True
Is 15051201415 composite?
True
Is 1291739573 a prime number?
False
Is 76106141 composite?
False
Is 10192560061 a composite number?
True
Is 793397861 a prime number?
True
Is 100236121891 composite?
False
Is 449603503 a composite number?
False
Is 64497340139 prime?
False
Is 566355105467 composite?
False
Is 649682477 a prime number?
False
Is 4204907747 a composite number?
False
Is 123712597 a prime number?
True
Is 14884088251 a prime number?
False
Is 59535583061 prime?
False
Is 378737